et t be u(-24). Calculate the highest common divisor of t and 406.
14
Let g be 433 - (4 + 35)/(-13). What is the highest common factor of g and 12?
4
Let m = -323 + 176. Let v be (0 + 5/3)/((-7)/m). What is the highest common factor of v and 14?
7
Let q = -106 - -47. Let s = q + 63. Suppose 2*b + 64 = 5*b + 2*j, -3*j - 108 = -s*b. Calculate the greatest common factor of b and 24.
24
Let f be 6/(-117)*-13*(-3)/(-2). Let w be (-1 - -3)*((-275)/(-10) + f). Calculate the greatest common factor of 9 and w.
3
Let o = 94 - -318. Let k be (5 - 1) + (o - -34). Calculate the greatest common divisor of k and 18.
18
Let y(s) = -s + 13. Suppose -3*f + 4*f - 5 = 0. Let g be y(f). Let w be (-40 - 0)*15/(-25). What is the highest common factor of w and g?
8
Suppose 209*s = -1472*s + 272322. Let g = 12 - -6. What is the highest common factor of g and s?
18
Let t = 2474 - 1460. Suppose -w = -7*w + t. Let b be w/3 + (-22)/(-33). What is the highest common divisor of b and 38?
19
Let j(r) = 2*r + 21. Let i = -9 + -1. Let y be j(i). Suppose 2*m = 20 - 6. What is the highest common factor of m and y?
1
Let g be 10/(-15)*(-119 + -4). Suppose -12*b = 899 - 3851. Calculate the highest common divisor of b and g.
82
Let x(z) = -z**3 - 14*z**2 - z + 12. Let f be x(-14). Let c(p) = -p**3 + 4*p**2 + 25*p - 2. Let u be c(7). Calculate the greatest common factor of u and f.
26
Let j = -134 - -408. Suppose j*i = 271*i + 3. Let o = i + 22. Calculate the greatest common divisor of 161 and o.
23
Suppose -2*f + 1082 = 48*c - 45*c, -374 = -c + f. Calculate the greatest common factor of c and 78.
6
Let q(r) be the second derivative of -r**5/20 + 7*r**4/12 + 7*r**3/3 + 7*r**2/2 - 61*r. Let k be q(8). What is the highest common factor of 22 and k?
11
Let a = -116 + 176. Suppose 0 = -g + 5*z - 2*z + 55, 4*z = g - a. Suppose 0 = -5*i + g. Calculate the greatest common divisor of 20 and i.
4
Let r(b) = -b**2 - 18*b - 6. Let h be r(-9). Let o = h - 72. Suppose 5*g - g - o*q = 297, 2*g = -q + 141. Calculate the greatest common factor of g and 54.
18
Let k = -373 - -714. Let o = 24 + -32. Let b = o - -39. Calculate the greatest common divisor of b and k.
31
Let y be ((-156)/(-234))/((-4)/(-42)). What is the highest common factor of y and 11263?
7
Let l = 4790 - 4730. Calculate the greatest common divisor of l and 276.
12
Suppose a + 5 = 6*a + 5*d, -4*a - 2*d = 2. Let r be -5 + 4 + 1 - a*1. Suppose -r*f + 155 = 3*f. Calculate the highest common divisor of 124 and f.
31
Let h be (-27)/(21141/58) + (-1624)/(-54). What is the greatest common divisor of 160 and h?
10
Suppose 113*x + 83*x = 58212. Calculate the highest common factor of x and 759.
33
Let w(o) = -5*o**2 - 104*o + 197. Let x be w(-22). Suppose 0*k = -2*k + 26. Calculate the greatest common factor of k and x.
13
Suppose 7*y - 21*y + 84 = 0. Suppose 8*k - 34 = y*k + 2*v, -5*v = -k + 13. Calculate the highest common divisor of k and 306.
18
Suppose -2*q + 10 = -6. Let t be (q/(-5))/((-48)/360). What is the greatest common factor of t and 660?
12
Let y = -22069 - -28744. What is the greatest common factor of y and 267?
267
Let k be 24/(-156) + 3 + 1059/39. Calculate the greatest common factor of 3210 and k.
30
Let x(r) = -5*r**2 - 12*r - 15. Let l(f) = -25*f**2 - 62*f - 76. Let m(g) = 2*l(g) - 11*x(g). Let i be m(-3). Calculate the highest common divisor of i and 374.
34
Let k(t) = -103*t - 4462. Let v be k(-44). Suppose 4*y - 9*y = -185. Let n = -17 + y. What is the highest common divisor of v and n?
10
Let n = 3556 + 3446. What is the greatest common factor of 36 and n?
18
Let g(y) = 2*y**3 + 173*y**2 - 166*y + 78. Let t be g(-87). What is the greatest common factor of 21 and t?
21
Let w be 3 - (-18)/(-8) - 5103/(-108). What is the greatest common factor of w and 258?
6
Suppose 2*g = y + 308, -3*g + 5*g = -2*y + 296. Let h be 79/3 - (g/24 - 7). Suppose 37 = -o + 55. What is the greatest common divisor of h and o?
9
Suppose 4*h + 15 = 43. Let r = -582 + 764. Calculate the highest common factor of h and r.
7
Let y(x) = 1145*x**2 + 19*x - 20. Let m be y(1). What is the highest common divisor of 704 and m?
88
Let a be (1 - (-21)/6)*8. Let g = 41 - a. Suppose -697 = -g*y + 23. Calculate the highest common factor of 16 and y.
16
Suppose -2947 + 544 - 7803 = -81*j. Calculate the greatest common divisor of j and 387.
9
Let b = 8723 + -8700. What is the highest common factor of b and 7?
1
Let d = -490 + 484. Let b be 4*15 + d + (5 - -3). Calculate the greatest common divisor of 186 and b.
62
Suppose -4*d = 5*j - 154, -60 + 223 = 5*j + 3*d. What is the greatest common divisor of 14972 and j?
38
Let s = -239 + 254. Let n(v) = 2*v**2 - 13*v + 85. Let b be n(s). Calculate the greatest common divisor of 30 and b.
10
Let w(u) = 16*u - 62. Let c be w(4). Suppose -c*r + 21*r = 589. Calculate the highest common factor of r and 155.
31
Suppose -23*k + 68543 = -36268. Calculate the highest common divisor of 93 and k.
93
Suppose 928 = -2*n + 160. Let o = n + 388. What is the highest common factor of o and 64?
4
Suppose -3*w - 1 + 37 = 0. Suppose -1382*v + 1333*v = -11172. What is the greatest common divisor of w and v?
12
Suppose 3*i + 8 = 11, -x + 7 = -2*i. Calculate the highest common factor of x and 13491.
9
Suppose 0 = 2*c - 4*c + 18. Suppose -3*d = 5*m - 1206, -27*d + 24*d - m + 1170 = 0. What is the highest common divisor of d and c?
9
Suppose -4 = -s, -9*y + 11*y - 1146 = 4*s. What is the highest common divisor of 1245 and y?
83
Suppose 791 = 3*l - 30*k + 35*k, -4*l = k - 1083. Calculate the greatest common factor of l and 144.
16
Suppose -4*z = 3*u - 13730, -4*z - 5*u + 11452 = -2282. What is the highest common divisor of 94 and z?
47
Let b be 237937/532 + (0 + 2)/(40/(-25)). Calculate the greatest common factor of 10 and b.
2
Let k be 2 + (-2 + 1 - -107). Let o be 2/(-2*12/(-1929))*4. Let x = -631 + o. What is the highest common factor of x and k?
12
Suppose 25 = 10*j + 5. Suppose -j*w - w - 1098 = -3*c, 4*c + 2*w = 1452. Calculate the greatest common factor of c and 28.
28
Let l(p) = 86*p - 106. Let c be l(5). What is the highest common factor of 588 and c?
12
Let g be (3/5)/(3/120). Calculate the greatest common factor of 12 and g.
12
Let w be (((-8)/2)/(-8))/(2/(-72)). Suppose f = h + 6, -5*f + 7*h + 26 = 3*h. Let u be w/(f - (-60)/(-25)). Calculate the highest common factor of 9 and u.
9
Let t(h) = -1. Let c(r) = -r + 19. Let w(x) = -c(x) + 3*t(x). Let q be w(25). Let f be (0 - -3 - (0 + 2)) + 2. Calculate the highest common factor of f and q.
3
Let v(g) = 70*g + 810. Let u be v(-9). Suppose -154 = -o - 4*p, -o + 5*p - 455 = -4*o. What is the highest common factor of u and o?
30
Suppose 0 = 2*r - 5*r - 96. Let t = 102 + r. Suppose 0 = 10*m - 15*m + t. Calculate the highest common divisor of 2 and m.
2
Let g be (6/(-15))/((-2)/10). Let j be (-56)/(1 + -4 + g). Let q = 2316 - 2302. Calculate the greatest common factor of q and j.
14
Suppose 2*x = -4*z + 7*z - 9130, z - 3050 = 2*x. What is the highest common divisor of 95 and z?
95
Let y = -659 - -662. Suppose -y*c = -16*c + 169. What is the greatest common divisor of 13 and c?
13
Let r = 1299 + -1251. What is the highest common divisor of r and 474?
6
Let d(v) = v**3 - 28*v**2 + 101*v + 210. Let w be d(24). What is the highest common divisor of 120 and w?
30
Let p be ((-19)/(-2) + 4)*36/2. Suppose -3*c - 5*o = -4*o - 968, -2*c - 3*o + 636 = 0. Calculate the highest common factor of p and c.
81
Let t(q) = 58*q - 3458. Let z be t(60). What is the greatest common factor of z and 40?
2
Let r(j) = -7*j**2 - 159*j + 22. Let u be r(-22). Suppose 223 = 4*k + 47. Calculate the greatest common divisor of k and u.
44
Let m(c) = -66 - c - 92 + 195 - 2*c**2 + c**3. Let a be m(0). What is the highest common divisor of 1 and a?
1
Suppose 4*x - 1148 = -4*w, -4*x - 163*w + 164*w = -1153. What is the greatest common factor of x and 2400?
96
Let v(w) = 189*w**2 - 9*w - 5. Let s be v(-2). Let c = 786 - s. Calculate the greatest common factor of 901 and c.
17
Suppose -558 = -5*t + 2*x, -t + 270*x - 271*x + 113 = 0. Calculate the greatest common divisor of t and 272.
16
Suppose -5*s - 30 = -165. Suppose 4 = 4*j - 4*b, -1 = j + 5*b - 7*b. Calculate the greatest common factor of s and j.
3
Let s(n) = 5*n**2 + 13